of (12/v + 2)*a/25?
8
Suppose 12424 = 3*a - 4*o, -2*o = -4*a - 0*o + 16572. What is the hundreds digit of a?
1
Let l(t) = -t**2 - 12*t - 17. Let j be l(-12). Let c(r) = 2*r + 29. Let i be c(j). What is the tens digit of (21/3 - 51)*i/4?
5
What is the tens digit of 5 - -6898 - (-737)/(-67)?
9
Let a(o) = -10*o - 147. Let g be a(-17). What is the tens digit of (-210 + 1 + -1)*(-23)/g?
1
Let y(r) = 9*r. Let w(x) = -10*x + 1. Let q(p) = 4*w(p) + 3*y(p). Suppose 122*n = 104*n - 126. What is the tens digit of q(n)?
9
Suppose -4*t = 2*v - 16284, 106*v - 109*v + 24486 = -4*t. What is the tens digit of v?
5
Let d = 72 + -82. Let t be (185/111)/(d/(-12)). Suppose -3*m = -w + 171, -t*w - 4*m = -6*w + 668. What is the hundreds digit of w?
1
What is the units digit of 7507 - (918/221 + 2/(-13))?
3
What is the tens digit of 94983/18 + -9*12/(-648)?
7
Let m(r) = r**3 + 29*r**2 - 15*r - 18. What is the hundreds digit of m(-15)?
3
What is the hundreds digit of (1 - 1157)/(((-58)/2262)/((-3)/(-18)))?
5
Let b(u) = 2*u**2 - 6*u + 7. Let p be b(5). Let k be (3/9)/(1/p). Suppose 0 = k*i - 13*i + 160. What is the tens digit of i?
4
Suppose -p + 0*p - 5*f = 7, -3*p = 3*f - 3. Suppose 3*i - 1872 = -9*v + 4*v, -4*v = p*i - 1497. What is the tens digit of v?
7
Suppose -13145 - 24595 = -4*d - 12036. What is the units digit of d?
6
What is the hundreds digit of (-792336)/(-40) + (-91)/(-35) + -2?
8
Let z(h) = h**2 - 6*h - 22. Let s be z(10). Let u = 98 - s. Suppose -10*w = -2*w - u. What is the tens digit of w?
1
Let x(y) = -y**3 + 6*y**2 - 6*y + 1. Suppose 5*v = -4*h + 36, 2*h - 20 = -3*v - 0*v. Let l be x(v). What is the tens digit of l*20*(-3)/(0 + -9)?
6
Suppose -68 = -15*p + 7. Suppose -2*b - 4*t + 186 = 0, 0*b + 65 = b - p*t. What is the tens digit of b?
8
Let r = 519 - 784. Let z = 607 + r. What is the tens digit of z?
4
Let k = 1304 - 806. Suppose 20*c + k = q + 19*c, c + 1000 = 2*q. What is the units digit of q?
2
Let c = 53 + -48. Suppose 3*l - 4*l - c*u = -30, 10 = 4*l - 2*u. Suppose 48 = l*y - 3*y. What is the units digit of y?
4
Suppose -q - 18*q = 0. Suppose 12*p + 0*p = q. Suppose 403 = 5*l + a - 0*a, 4*l + 3*a - 318 = p. What is the tens digit of l?
8
What is the thousands digit of (6/(-8))/(((-2)/17547)/(440/165))?
7
Suppose 5*q = -d + 2057 + 4743, 5*q - 20360 = -3*d. What is the hundreds digit of d?
7
Let m be -2 + (-42)/12*(-4 - -2). Suppose -3*b = 4*t - 681 + 13, m*t = -4*b + 891. What is the units digit of b?
4
Suppose 5*d - 75306 = -4711. What is the hundreds digit of d?
1
Suppose 8*s = 7*s + 1. Let h(a) = 42*a - 2. Let b be h(s). Suppose -11*z - b = -13*z. What is the units digit of z?
0
Let x(i) = 86*i**2 - 48*i - 67. What is the units digit of x(-11)?
7
Let z(k) = k + 14. Let h be z(-9). Suppose -h*w + 3*w = v - 1156, -5*w = -v - 2904. What is the units digit of -2 - 4/((-16)/w)?
3
Let h = 25051 + -21108. What is the hundreds digit of h?
9
Let x(u) = 10*u + 8. Let g be x(-1). What is the tens digit of (g - 3 - -53) + (2 - -1)?
5
Suppose 50241 = -98*z + 468995. What is the hundreds digit of z?
2
What is the units digit of (949 - 956)*(3847*(-6)/14 - 0)?
1
Let y = 76 - 76. Suppose 0 = b - 5*m - 180, 3*b - 4*m - 315 - 214 = y. Suppose -945 = -8*j + b. What is the hundreds digit of j?
1
Let d = -6725 + 16549. What is the tens digit of d?
2
Let i(d) = d**2 + 3*d - 17. Let l be i(0). Let r be 6/8 - l/4. Suppose -2*t + 141 = -t - r*a, 685 = 5*t - 5*a. What is the units digit of t?
6
Let y(n) be the first derivative of -2*n**3 - 9*n**2 - 9*n + 1. Let v(g) be the first derivative of y(g). What is the units digit of v(-6)?
4
What is the units digit of (172/258)/((3/(3036/(-16)))/(-174))?
7
Let w(a) = 4*a**2 - 4*a - 5. Let z be w(6). Suppose -70 = -r + z. What is the hundreds digit of r?
1
What is the ten thousands digit of (-6066 - 2)*(-4 - 8/(64/(-10)))?
1
Suppose -o + 5*b = 14, 0 = -5*o - 3*b + 6 + 8. What is the units digit of 51 + -47 - (-648 + o)?
1
Let d(t) = 0*t**3 - 13*t + 2*t**3 + 24*t - 164 + 3*t**2 + 10*t + 0*t**3. What is the units digit of d(7)?
6
Let y(v) = v**2 + v - 10. Let q be y(3). Let a(f) = 14*f - 19*f**2 - f**3 + 9 + 4 + f**2 + q. What is the units digit of a(-19)?
0
Let l = -19204 - -45853. What is the thousands digit of l?
6
Suppose 223705 = 5*x + 55355. What is the hundreds digit of x?
6
Let j = -1202 + 1754. Let h = j - 214. Suppose 0 = 5*b - h - 212. What is the hundreds digit of b?
1
Let i(n) = -169*n + 5. Let d(f) = -f**3 - f**2 + 7*f - 2. Let u be d(-3). What is the hundreds digit of i(u)?
8
Suppose -160716 = 259*v - 656701. What is the units digit of v?
5
Suppose 1016 = 2*p - i, -3*p + 5*i - 10 = -1527. Let h = p + -152. What is the units digit of h?
7
Let u(f) be the first derivative of 29*f**2/2 - 25*f - 48. What is the units digit of u(15)?
0
Suppose 2*i - 1714 = 574. What is the thousands digit of i?
1
Suppose -451*l - 82100 = -2*y - 449*l, 0 = 4*y + 4*l - 164272. What is the ten thousands digit of y?
4
Suppose 2*o + 5*q = 17683, -6*q = -3*q - 15. Suppose 24*v + 2325 = o. What is the units digit of v?
1
Let r = -251 - -258. What is the units digit of 7 - (-274 + -7 + r)?
1
Suppose 8*g + t = 5*g + 637, 2*g + 2*t = 426. Let d be -5 + 6 + -1 + g. Suppose -4*q = 5*l - 425, 2*q = l - 3*l + d. What is the units digit of q?
5
Suppose -75519 = -18*x - 9*x. Suppose 2453 + x = 7*p. What is the tens digit of p?
5
Suppose 16*c - 4*c = 72. Let l = 21 - 24. What is the tens digit of -6*(207/c)/l?
6
Suppose p = 2*w + 2*w - 19, 0 = -5*w - 4*p + 29. Let l(d) = d**2 - 4*d - 16. Let t be l(w). Let x(k) = k**2 - 8*k + 16. What is the units digit of x(t)?
5
Let c be 3/(6 + 0)*-6. Let q = c + 5. Suppose -25 = -5*v, 7*v - q*v = 5*k - 90. What is the tens digit of k?
2
What is the tens digit of (-389142)/(-54) - (-14)/(-6)?
0
Let u = 29223 + -17068. What is the tens digit of u?
5
Let j = -7937 + 19336. What is the units digit of j?
9
Suppose 5*v = -236*m + 237*m - 13227, 3*m - 3*v = 39621. What is the tens digit of m?
0
Suppose -25 - 155 = 12*u. What is the units digit of u*(-161)/(12 + -5)?
5
Let n be (38/(-6))/(2/(-186)). Let u = n + -374. Suppose -u = -5*x - 5*r, 5*x - 219 = -r - 3*r. What is the tens digit of x?
4
Let p(c) = 118*c**2 + 4*c - 2. Suppose 0 = -9*z + 24 - 6. What is the hundreds digit of p(z)?
4
Suppose 3*o = -0*o - 84. What is the units digit of 26/(((-8)/o)/(69/21))?
9
Suppose -3*n + 103680 = 4*x - 41888, -5*n = -3*x + 109234. What is the hundreds digit of x?
3
Let b(i) = i**3 - 25*i + 11758. What is the tens digit of b(0)?
5
Let m = -7 + 10. Suppose -3*l = -14*l + 2640. Suppose 2*z - l = 4*x, -353 = -m*z - 4*x + 3*x. What is the hundreds digit of z?
1
Let t(j) = 99*j - 1373. What is the tens digit of t(35)?
9
Let s(v) = 18*v**2 + 25*v - 14. Let f be s(8). Let a = -465 + f. What is the units digit of a?
3
Let o(s) = -5*s + 19*s - 1 + 117*s**2 - 5*s + 6*s + 39*s. What is the hundreds digit of o(-3)?
8
Let m = -11697 - -16802. What is the tens digit of m?
0
Suppose 119*c + 5604147 = 248*c. What is the tens digit of c?
4
Suppose 9*p - 7*p = 0. Suppose y + a - 12 = p, 2*y + 5*a - 46 = -2*y. Suppose -y*o + 330 = -9*o. What is the tens digit of o?
6
Let o(a) = 3*a**3 + 3*a**2 + 20*a - 67. What is the tens digit of o(10)?
3
Suppose 3*u + 2*n = -0*u + 4, -20 = -u + 4*n. Suppose u*p - 15 = p. Suppose p*t - 3*t = c + 41, -2*c + 18 = t. What is the tens digit of t?
2
Let z(y) = 681*y - 3561. What is the hundreds digit of z(92)?
0
Suppose r + 7 + 0 = 5*y, 4*y = -4*r + 20. Suppose -p = y*p - 3. Let d(a) = 185*a**2 - 1. What is the tens digit of d(p)?
8
Let j(h) = 14*h**2 - 178*h + 4. What is the tens digit of j(31)?
4
Let c = -12 + 19. Suppose 0 = -2*z - 3*v - 9, 4*z + 4 + 9 = -5*v. Suppose 3*k = 2*x + c*k - 450, z*k - 672 = -3*x. What is the units digit of x?
3
Suppose -37*v + 35*v = -806. Let m = -58 + v. Let x = -91 + m. What is the hundreds digit of x?
2
Suppose 1 = -j + 9. Let d be (4 - j/10) + 2/(-10). Suppose -4*f + 26 = -3*i, -2*i - 26 = -d*f - 7. What is the units digit of f?
5
Let p = 61769 + -33594. What is the ten thousands digit of p?
2
Let u(w) be the second derivative of w**3 - 27*w**2/2 - 2*w. Let y be 10 - (-5*(-2)/5 + -1). What is the units digit of u(y)?
7
Let n = 84995 + -46521. What is the thousands digit of n?
8
Su